 28*a - 97. Let b be d(25). What is the thousands digit of u(b)?
1
Suppose 73671 = -2*s + 7*s + 3*j, 12 = -4*j. What is the ten thousands digit of s?
1
Suppose -2*w = -2*h - 4338 - 3272, 4*w + 5*h = 15202. Let o = w + -2537. What is the tens digit of o?
6
Suppose 9*l - 34064 - 10880 = 109775. What is the units digit of l?
1
Let r(h) = -138*h - 1134. What is the tens digit of r(-9)?
0
Let r = 64 - -347. Let l = r - 183. What is the hundreds digit of l?
2
Let z = 5290 - 3169. Suppose 3*f + 3*a - z = 0, 3*a - 3537 = 9*f - 14*f. What is the hundreds digit of f?
7
Let k(l) = -l**3 - 13*l**2 + 15*l + 16. Let y be k(-14). Suppose y*n + 1458 = 5*n. What is the units digit of n?
6
Let h(p) = 41*p**2 + 66*p - 52. What is the hundreds digit of h(17)?
9
Let d(f) = -f**2 - 10*f**3 + f**3 - 6 + 8*f**3 + 10*f - 6 - 1. What is the units digit of d(-9)?
5
Suppose 4*j - 6 = 2. Let d(p) = -p + 9 - 5 + 42*p**j - 3. What is the units digit of d(1)?
2
Let j be -5 + 0 - (-131 - -7). Let i(a) = -5*a + j + 4*a - 102 - 2*a. What is the units digit of i(-17)?
8
Suppose c - 5*g - 2 = 130, 4*c = -2*g + 594. Let k = c - 85. Let a = k + 29. What is the units digit of a?
1
Suppose -d + 162 = -z + 1301, -2*d - 3*z - 2288 = 0. Let r = -805 - d. What is the hundreds digit of r?
3
Let w(t) = t + 13. Let q be w(-11). Suppose -9*k = -200 + q. Let p(o) = o + 35. What is the units digit of p(k)?
7
Let q(i) = 138*i**2 - 232*i + 1881. What is the units digit of q(8)?
7
Suppose 4*n = -2*y + 8, 5*y - 3*n + 28 = 9. Let s be -21*y/(-3)*(-3)/(-6). What is the units digit of 5/(5/s)*-2?
4
Let x(h) = 6*h**2 + 14*h + 6. What is the thousands digit of x(-39)?
8
Let l = 344 - 120. Suppose -25*f - l = -32*f. What is the tens digit of f?
3
Let v(o) = 39*o - 6. Let q be v(2). Suppose -1 = 29*k - 30. Let j = q - k. What is the units digit of j?
1
Suppose 0 = 7*b - 12*b + 55. Let c(r) = 6*r + 32. What is the tens digit of c(b)?
9
Let t be 12/(-294)*7 - (-23)/7. Suppose -t*w = 9 - 0, -2*h + 3*w = -387. What is the hundreds digit of h?
1
Suppose 5*w = 0, o + 4*o + 4*w = 10. Suppose -y - 1 = o, 0 = -5*n - 3*y - 34. Let b(i) = i**3 + 6*i**2 - 3*i + 22. What is the units digit of b(n)?
2
Let f be (1 - ((-156)/(-5) - -1))*-30. Suppose -i + 477 = a + 3*i, 0 = 2*a - i - f. What is the tens digit of ((-7)/(-2))/(2 - a/238)?
1
Let v(u) = 346*u + 9046. What is the tens digit of v(0)?
4
Let c = -30872 + 43421. What is the ten thousands digit of c?
1
Suppose -44*r - 1005937 + 3315541 = 0. What is the hundreds digit of r?
4
Suppose 0 = -4*n + 283 + 185. Suppose -582 = -g - n. What is the units digit of g?
5
Let u(o) = 123*o - 1871. What is the thousands digit of u(59)?
5
Suppose -f - 48781 = -4*x, 299*x - 300*x - 4*f + 12191 = 0. What is the units digit of x?
5
Let y be ((-4456)/6)/((-88)/132). Suppose -4*d + 7852 = 3*f, 0 = d + f - 849 - y. What is the units digit of d?
3
Suppose -2*i + 147066 = 3*g, -g = 4*i - 398510 + 104358. What is the ten thousands digit of i?
7
Suppose -3*m + 0*q + q + 392 = 0, 0 = 5*m - 4*q - 665. What is the units digit of ((0 - -2) + 4)*m/86?
9
Let g = -66805 - -99410. What is the tens digit of g?
0
Let z = -16 + 104. Let s be 6/(-21) + -1 + z/14. Suppose -s*c = -3*v + 55, -50 = -4*v + 3*c + 38. What is the units digit of v?
5
Let h be (-258)/(-10) - 9/(-45). Suppose 3*s - 165 = 3*j, 0 = s - 2*j - h - 24. Suppose -4*o = 4*i - 92 - s, 0 = 3*i - 2*o - 89. What is the units digit of i?
3
Let y = -1590 + 2666. Let x be -3 + y/(-18) + (-4)/18. Let c = x - -104. What is the units digit of c?
1
Let y = -360 + 3051. What is the units digit of y?
1
Let q(b) = -3*b - 135. Let j be q(-52). Let i(k) = -24*k**2 - k. Let g be i(-1). Let v = j - g. What is the units digit of v?
4
Let a(z) = z**3 - 18*z**2 + 22*z + 13. Let r be a(17). Let x = r + -89. Suppose -321 + 1194 = x*i. What is the tens digit of i?
9
Let p(n) = -35*n**3 - 8*n**2 + n + 44. What is the tens digit of p(-4)?
5
Let d(n) = 3*n**2 - 4 + 1 - n - n**3 - 1. Let o be d(0). Let j(a) = -38*a - 12. What is the tens digit of j(o)?
4
Let p(f) = -138*f**3 + f**2 - f - 2. Let h(w) = -3*w - 18. Let l be h(-13). Let o be 1/3*-1 + (-14)/l. What is the tens digit of p(o)?
3
Suppose 3*g - 80 = 2*c + 5*g, 2*c + 5*g = -89. Let s = c + 220. What is the units digit of s?
3
Suppose -716 = -z - 710. Suppose -6*u = z*u - 12732. What is the units digit of u?
1
Let o = -149 + 152. Suppose i - 437 = -2*s - 3*s, i + o*s = 439. What is the units digit of i?
2
What is the hundreds digit of (22 - (-1078)/(-55))*(13464 - (1 + -2))?
3
What is the ten thousands digit of 10 - (13 + -3) - -12852?
1
Let w(v) = 7 + 0*v**3 + 2*v**3 - v**3 + v - 2*v**2 - 4. Let f be w(3). What is the tens digit of (-1722)/(-30) - 6/f?
5
Let p(x) be the second derivative of -x**4/12 + 5*x**3/2 - 21*x**2/2 - 1208*x - 2. Suppose -4*v = -2*v - 18. What is the tens digit of p(v)?
3
Suppose -4*s + 1564 = -4*i, i + 90 = 3*s - 1091. Let w = 1610 - s. What is the thousands digit of w?
1
Let a(t) = -t - 26. Let n be a(0). Let o = 28 + n. What is the units digit of 257 - (-15)/(-6)*o?
2
Let p(x) = -123*x**2 + 33*x + 20. Let u(i) = 31*i**2 - 8*i - 5. Let a(c) = 2*p(c) + 9*u(c). What is the hundreds digit of a(-2)?
1
Suppose 0 = -18*w + 21*w - 909. Suppose w = n - 32. What is the hundreds digit of n?
3
What is the tens digit of (0 - (-13)/78)*534?
8
Suppose 0 = 3*b + 5*t + 17, 2*b + 4*t = -0 - 10. Let a(o) = -o**2 - 21*o + 3. What is the tens digit of a(b)?
1
Let h be 136/17 - -3*1. Let n be h/(2/(-100)*-5). What is the tens digit of (78*1 - 2)*n/40?
0
Let c = 439 + -403. Suppose -c*u + 9212 = -22*u. What is the units digit of u?
8
Let z(q) = -2*q - 10. Let m be z(-9). Let t be m + 4 - (0 + 0). What is the tens digit of ((-44)/t)/(1/(-21))?
7
Suppose -2*s = -4*s + 6. Let l be (2/(-1))/(s/(-21)). Suppose -2*z - l = -3*z. What is the tens digit of z?
1
Let r(d) = -30*d - 29*d + 52*d - 55. Let o(z) = 21*z + 166. Let n(l) = 3*o(l) + 8*r(l). What is the units digit of n(-8)?
2
Let z = -3 - -7. Suppose -2*o + 12 = -z. Let x = o + 49. What is the units digit of x?
7
Let j(b) = 3*b**2 + 9*b - 70. Suppose 0 = -15*t + 118 - 358. What is the tens digit of j(t)?
5
Let p = 2860 + -1368. What is the hundreds digit of p?
4
Let s(q) = 28*q - 60. Let y = -12 + 26. What is the units digit of s(y)?
2
Suppose 0 = 4*j - 0*b + 5*b - 24, 0 = 3*j + 3*b - 18. What is the tens digit of (4/j)/2 - (-236)/3?
7
Let f(r) = 128*r**2 - 3*r - 11. Let p be f(-3). Suppose -34*t = -29*t - p. What is the units digit of t?
0
Suppose 19*a - 107*a + 324368 = 0. What is the tens digit of a?
8
Let a(j) = -26*j**3 + 3*j**2 + 4*j + 6. Let h be a(-2). Let r = 311 - h. Let p = -4 + r. What is the units digit of p?
9
Let q = 45336 - 14076. What is the tens digit of q?
6
Let d = 75 - 71. Suppose -3*p - 7 = -p - 3*y, -p = -d*y + 11. What is the units digit of -6 - (-2)/p - (6 - 219)?
9
Suppose 21*r - 37*r - 12*r = -827484. What is the hundreds digit of r?
5
Let t(x) = -5*x**2 + 12*x - 6*x**2 - x - x**2 - 24 - x**3. Let y be t(-13). What is the units digit of 2 - (y - 0) - -13?
3
Let x(f) = -22*f + 3*f + 9 + 66*f - 8*f. Let a be x(3). Suppose k - 3*r = -2*k + 234, -2*k = 4*r - a. What is the units digit of k?
3
Suppose 175*p - 2217217 = 659608. What is the units digit of p?
9
Suppose 4*g - 47296 = -j - 3*j, 0 = 3*j - 2*g - 35467. What is the tens digit of j?
2
Suppose 13*q + 35876 = 6*q + 11*q. What is the thousands digit of q?
8
Suppose -4*t + 0*y + y + 160 = 0, y = 2*t - 78. Suppose 2*u - 330 = t*j - 44*j, 5*u = 3*j + 783. What is the units digit of u?
9
Let t(r) = 3*r**2 + 6*r - 45. Let y be t(-5). Suppose 5*m - 406 - 4214 = y. What is the tens digit of m?
2
Let f(d) = -d**3 + 4*d**2 + 12*d + 4. Let a = 31 - 25. Let g be f(a). Suppose g*r + 13 = 37. What is the units digit of r?
6
Suppose 3*i - 60*h = -65*h + 1916, -3*i - h = -1900. What is the units digit of i?
2
Suppose -4*v = -3*v - 4*a - 2791, -v - 2*a = -2767. What is the hundreds digit of v?
7
Let j(y) = y**2 + 21*y + 496. What is the thousands digit of j(73)?
7
Let d(w) = 1926*w + 4 + 5*w**2 - 1919*w + 13. What is the units digit of d(8)?
3
Let u(c) = 12*c + 12. Suppose 3*q + 99 = -4*n, 2*q - 5*n - 66 = 4*q. Let b = 38 + q. What is the tens digit of u(b)?
7
Let h = 7724 - 5231. Let m = -